{"id":336,"date":"2018-01-29T11:04:46","date_gmt":"2018-01-29T11:04:46","guid":{"rendered":"http:\/\/yakhalden.at\/?page_id=336"},"modified":"2026-02-19T08:54:47","modified_gmt":"2026-02-19T08:54:47","slug":"wiesen-und-weiden","status":"publish","type":"page","link":"http:\/\/yakhalden.at\/?page_id=336","title":{"rendered":"Wiese, Wald und Weide"},"content":{"rendered":"<p>Auf unseren Wiesen und Weiden produzieren wir das gesamte Futter f\u00fcr unsere Tiere. Zugekauft wird nur in sehr schlechten Jahren (z.B. sehr starke Hitze &#8211;&gt; wenig Wachstum). Je nach Witterung verbringen unsere Tiere die Zeit zwischen April und Oktober drau\u00dfen auf den Weiden. Auf den produktiveren Fl\u00e4chen machen wir zus\u00e4tzlich Heu f\u00fcr den Winter. Wir bewirtschaften unsere Felder sehr extensiv und m\u00e4hen nur 1 &#8211; 2 Mal pro Jahr. Ged\u00fcngt wird ausschlie\u00dflich mit hofeigenem Wirtschaftsd\u00fcnger (=Yakmist).<\/p>\n<p>Bei der Beikrautregulierung (Beikraut = Pflanzen, die unsere Yaks nicht fressen) helfen die Ziegenflei\u00dfig mit, was uns viel Arbeit mit dem Mulche rund der Sense erspart.<\/p>\n<p>Auch unseren Wald nutzen wir produktiv. Wir versorgen unser Haus und den Hof mit Hackschnitzeln, das restliche Holz verkaufen wir. Nat\u00fcrlich werden auch regelm\u00e4\u00dfig standortangepasste Baumarten nachgepflanzt, um eine nachhaltige Bewirtschaftung sicherzustellen.<\/p>\nngg_shortcode_0_placeholder\n","protected":false},"excerpt":{"rendered":"<p>Auf unseren Wiesen und Weiden produzieren wir das gesamte Futter f\u00fcr unsere Tiere. Zugekauft wird nur in sehr schlechten Jahren (z.B. sehr starke Hitze &#8211;&gt; wenig Wachstum). Je nach Witterung verbringen unsere Tiere die Zeit zwischen April und Oktober drau\u00dfen<\/p>\n","protected":false},"author":1,"featured_media":0,"parent":37,"menu_order":1,"comment_status":"closed","ping_status":"closed","template":"","meta":{"_mi_skip_tracking":false,"_exactmetrics_sitenote_active":false,"_exactmetrics_sitenote_note":"","_exactmetrics_sitenote_category":0,"ngg_post_thumbnail":0,"footnotes":""},"class_list":["post-336","page","type-page","status-publish","hentry"],"_links":{"self":[{"href":"http:\/\/yakhalden.at\/index.php?rest_route=\/wp\/v2\/pages\/336","targetHints":{"allow":["GET"]}}],"collection":[{"href":"http:\/\/yakhalden.at\/index.php?rest_route=\/wp\/v2\/pages"}],"about":[{"href":"http:\/\/yakhalden.at\/index.php?rest_route=\/wp\/v2\/types\/page"}],"author":[{"embeddable":true,"href":"http:\/\/yakhalden.at\/index.php?rest_route=\/wp\/v2\/users\/1"}],"replies":[{"embeddable":true,"href":"http:\/\/yakhalden.at\/index.php?rest_route=%2Fwp%2Fv2%2Fcomments&post=336"}],"version-history":[{"count":12,"href":"http:\/\/yakhalden.at\/index.php?rest_route=\/wp\/v2\/pages\/336\/revisions"}],"predecessor-version":[{"id":1635,"href":"http:\/\/yakhalden.at\/index.php?rest_route=\/wp\/v2\/pages\/336\/revisions\/1635"}],"up":[{"embeddable":true,"href":"http:\/\/yakhalden.at\/index.php?rest_route=\/wp\/v2\/pages\/37"}],"wp:attachment":[{"href":"http:\/\/yakhalden.at\/index.php?rest_route=%2Fwp%2Fv2%2Fmedia&parent=336"}],"curies":[{"name":"wp","href":"https:\/\/api.w.org\/{rel}","templated":true}]}}